{"id":614,"date":"2022-06-21T15:27:16","date_gmt":"2022-06-21T13:27:16","guid":{"rendered":"https:\/\/danskfagenesdidaktik.dk\/?page_id=614"},"modified":"2023-02-10T10:22:44","modified_gmt":"2023-02-10T09:22:44","slug":"kontakt","status":"publish","type":"page","link":"https:\/\/danskfagenesdidaktik.dk\/?page_id=614","title":{"rendered":"Kontakt"},"content":{"rendered":"\n<h3 class=\"wp-block-heading\">Mette Vedsgaard Christensen<\/h3>\n\n\n\n<p>Medlemsliste og nyhedsbreve<\/p>\n\n\n\n<p><em>Kontakt mette p\u00e5 <a rel=\"noreferrer noopener\" href=\"mailto:mvc@via.dk\" target=\"_blank\">mvc@via.dk<\/a>, hvis du har \u00e6ndringer til medlemsoversigten, eller nyheder, der er relevante for netv\u00e6rket.<\/em><\/p>\n\n\n\n<h3 class=\"wp-block-heading\">Anders Simmelki\u00e6r Laraignou<\/h3>\n\n\n\n<p>Hjemmeside<\/p>\n\n\n\n<p><em>Kontakt Anders p\u00e5 <a rel=\"noreferrer noopener\" href=\"mailto:ansl@edu.au.dk\" target=\"_blank\">ansl@edu.au.dk<\/a> for \u00e6ndringer til hjemmesiden.<\/em><\/p>\n\n\n\n<h3 class=\"wp-block-heading\">Styregruppe<\/h3>\n\n\n\n<p><em>Kontakt <a href=\"https:\/\/danskfagenesdidaktik.dk\/?page_id=140\" target=\"_blank\" rel=\"noreferrer noopener\">styregruppen<\/a>, hvis du \u00f8nsker at blive medlem<\/em>.<\/p>\n","protected":false},"excerpt":{"rendered":"<p>Mette Vedsgaard Christensen Medlemsliste og nyhedsbreve Kontakt mette p\u00e5 mvc@via.dk, hvis du har \u00e6ndringer til medlemsoversigten, eller nyheder, der er relevante for netv\u00e6rket. Anders Simmelki\u00e6r Laraignou Hjemmeside Kontakt Anders p\u00e5 ansl@edu.au.dk for \u00e6ndringer til hjemmesiden. Styregruppe Kontakt styregruppen, hvis du \u00f8nsker at blive medlem.<\/p>\n","protected":false},"author":2,"featured_media":587,"parent":0,"menu_order":0,"comment_status":"closed","ping_status":"closed","template":"","meta":{"footnotes":""},"class_list":["post-614","page","type-page","status-publish","has-post-thumbnail","hentry"],"_links":{"self":[{"href":"https:\/\/danskfagenesdidaktik.dk\/index.php?rest_route=\/wp\/v2\/pages\/614","targetHints":{"allow":["GET"]}}],"collection":[{"href":"https:\/\/danskfagenesdidaktik.dk\/index.php?rest_route=\/wp\/v2\/pages"}],"about":[{"href":"https:\/\/danskfagenesdidaktik.dk\/index.php?rest_route=\/wp\/v2\/types\/page"}],"author":[{"embeddable":true,"href":"https:\/\/danskfagenesdidaktik.dk\/index.php?rest_route=\/wp\/v2\/users\/2"}],"replies":[{"embeddable":true,"href":"https:\/\/danskfagenesdidaktik.dk\/index.php?rest_route=%2Fwp%2Fv2%2Fcomments&post=614"}],"version-history":[{"count":7,"href":"https:\/\/danskfagenesdidaktik.dk\/index.php?rest_route=\/wp\/v2\/pages\/614\/revisions"}],"predecessor-version":[{"id":707,"href":"https:\/\/danskfagenesdidaktik.dk\/index.php?rest_route=\/wp\/v2\/pages\/614\/revisions\/707"}],"wp:featuredmedia":[{"embeddable":true,"href":"https:\/\/danskfagenesdidaktik.dk\/index.php?rest_route=\/wp\/v2\/media\/587"}],"wp:attachment":[{"href":"https:\/\/danskfagenesdidaktik.dk\/index.php?rest_route=%2Fwp%2Fv2%2Fmedia&parent=614"}],"curies":[{"name":"wp","href":"https:\/\/api.w.org\/{rel}","templated":true}]}}